{"id":2,"date":"2022-11-28T15:03:36","date_gmt":"2022-11-28T15:03:36","guid":{"rendered":"http:\/\/prorion.es\/?page_id=2"},"modified":"2022-11-28T21:52:28","modified_gmt":"2022-11-28T21:52:28","slug":"sample-page","status":"publish","type":"page","link":"https:\/\/prorion.es\/","title":{"rendered":"Gesti\u00f3n de Instalaciones y Servicios Deportivos"},"content":{"rendered":"\n<p>Ofrecemos servicio a cualquier tipo de entidad que quiera relacionarse con el deporte. Esto no ser\u00eda posible si no fuera por nuestro modelo de&nbsp;<strong>gesti\u00f3n deportiva integral.&nbsp;<\/strong>Bas\u00e1ndonos en la especializaci\u00f3n y las caracter\u00edsticas de cada uno de nuestros clientes, somos capaces de ofrecer un servicio de primera calidad.<\/p>\n\n\n\n<p><\/p>\n\n\n\n<figure class=\"wp-block-image size-large\"><img decoding=\"async\" loading=\"lazy\" width=\"1024\" height=\"683\" src=\"https:\/\/prorion.es\/wp-content\/uploads\/2022\/11\/pexels-pixabay-47730-1024x683.jpg\" alt=\"\" class=\"wp-image-13\" srcset=\"https:\/\/prorion.es\/wp-content\/uploads\/2022\/11\/pexels-pixabay-47730-1024x683.jpg 1024w, https:\/\/prorion.es\/wp-content\/uploads\/2022\/11\/pexels-pixabay-47730-300x200.jpg 300w, https:\/\/prorion.es\/wp-content\/uploads\/2022\/11\/pexels-pixabay-47730-768x512.jpg 768w, https:\/\/prorion.es\/wp-content\/uploads\/2022\/11\/pexels-pixabay-47730-1536x1024.jpg 1536w, https:\/\/prorion.es\/wp-content\/uploads\/2022\/11\/pexels-pixabay-47730-2048x1365.jpg 2048w\" sizes=\"(max-width: 1024px) 100vw, 1024px\" \/><figcaption class=\"wp-element-caption\">Especialistas en licitaci\u00f3n p\u00fablica deportiva<\/figcaption><\/figure>\n\n\n\n<blockquote class=\"wp-block-quote\">\n<p>Hi there! I&#8217;m a bike messenger by day, aspiring actor by night, and this is my website. I live in Los Angeles, have a great dog named Jack, and I like pi\u00f1a coladas. (And gettin&#8217; caught in the rain.)<\/p>\n<\/blockquote>\n\n\n\n<p>&#8230;or something like this:<\/p>\n\n\n\n<blockquote class=\"wp-block-quote\">\n<p>The XYZ Doohickey Company was founded in 1971, and has been providing quality doohickeys to the public ever since. Located in Gotham City, XYZ employs over 2,000 people and does all kinds of awesome things for the Gotham community.<\/p>\n<\/blockquote>\n\n\n\n<p>As a new WordPress user, you should go to <a href=\"http:\/\/prorion.es\/wp-admin\/\">your dashboard<\/a> to delete this page and create new pages for your content. Have fun!<\/p>\n","protected":false},"excerpt":{"rendered":"<p>Ofrecemos servicio a cualquier tipo de entidad que quiera relacionarse con el deporte. Esto no ser\u00eda posible si no fuera por nuestro modelo de&nbsp;gesti\u00f3n deportiva integral.&nbsp;Bas\u00e1ndonos en la especializaci\u00f3n y las caracter\u00edsticas de cada uno de nuestros clientes, somos capaces de ofrecer un servicio de primera calidad. Hi there! I&#8217;m a bike messenger by day, [&hellip;]<\/p>\n","protected":false},"author":1,"featured_media":0,"parent":0,"menu_order":0,"comment_status":"closed","ping_status":"open","template":"","meta":[],"_links":{"self":[{"href":"https:\/\/prorion.es\/index.php?rest_route=\/wp\/v2\/pages\/2"}],"collection":[{"href":"https:\/\/prorion.es\/index.php?rest_route=\/wp\/v2\/pages"}],"about":[{"href":"https:\/\/prorion.es\/index.php?rest_route=\/wp\/v2\/types\/page"}],"author":[{"embeddable":true,"href":"https:\/\/prorion.es\/index.php?rest_route=\/wp\/v2\/users\/1"}],"replies":[{"embeddable":true,"href":"https:\/\/prorion.es\/index.php?rest_route=%2Fwp%2Fv2%2Fcomments&post=2"}],"version-history":[{"count":2,"href":"https:\/\/prorion.es\/index.php?rest_route=\/wp\/v2\/pages\/2\/revisions"}],"predecessor-version":[{"id":15,"href":"https:\/\/prorion.es\/index.php?rest_route=\/wp\/v2\/pages\/2\/revisions\/15"}],"wp:attachment":[{"href":"https:\/\/prorion.es\/index.php?rest_route=%2Fwp%2Fv2%2Fmedia&parent=2"}],"curies":[{"name":"wp","href":"https:\/\/api.w.org\/{rel}","templated":true}]}}